{"id":99,"date":"2026-02-23T16:28:53","date_gmt":"2026-02-23T16:28:53","guid":{"rendered":"https:\/\/educzen17.com\/?page_id=99"},"modified":"2026-04-09T16:09:22","modified_gmt":"2026-04-09T16:09:22","slug":"%f0%9f%8f%84%e2%99%80%ef%b8%8f-cani-paddle-initiation-accompagnement","status":"publish","type":"page","link":"https:\/\/educzen17.com\/?page_id=99","title":{"rendered":"\ud83c\udfc4\u200d\u2640\ufe0f Cani-Paddle (initiation &amp; accompagnement)"},"content":{"rendered":"\n<div class=\"wp-block-cover alignfull is-light has-aspect-ratio\" style=\"margin-top:var(--wp--preset--spacing--30);margin-bottom:var(--wp--preset--spacing--30);aspect-ratio:16\/9;min-height:unset;\"><img loading=\"lazy\" decoding=\"async\" width=\"612\" height=\"408\" class=\"wp-block-cover__image-background wp-image-149 size-full\" alt=\"\" src=\"https:\/\/educzen17.com\/wp-content\/uploads\/2026\/02\/istockphoto-1420124280-612x612-1.jpg\" style=\"object-position:53% 61%\" data-object-fit=\"cover\" data-object-position=\"53% 61%\" srcset=\"https:\/\/educzen17.com\/wp-content\/uploads\/2026\/02\/istockphoto-1420124280-612x612-1.jpg 612w, https:\/\/educzen17.com\/wp-content\/uploads\/2026\/02\/istockphoto-1420124280-612x612-1-300x200.jpg 300w\" sizes=\"auto, (max-width: 612px) 100vw, 612px\" \/><span aria-hidden=\"true\" class=\"wp-block-cover__background has-background-dim-40 has-background-dim\" style=\"background-color:#959084\"><\/span><div class=\"wp-block-cover__inner-container is-layout-constrained wp-block-cover-is-layout-constrained\">\n<p class=\"has-text-align-center has-large-font-size\"><\/p>\n<\/div><\/div>\n\n\n\n<p><\/p>\n\n\n\n<p class=\"has-text-align-center has-medium-font-size\"><strong><em>\ud83c\udf0a Cani-Paddle (initiation &amp; accompagnement)<\/em> pour d\u00e9butants ou bin\u00f4mes plus exp\u00e9riment\u00e9s <\/strong><\/p>\n\n\n\n<p class=\"has-text-align-center\" style=\"font-size:18px\"><strong>Saison 2026 : ouverture des s\u00e9ances : du 1er Mai au 31 octobre 2026<\/strong> \/<strong> Places limit\u00e9es, uniquement sur r\u00e9servation<\/strong>, \u26a0\ufe0f <strong>Pensez \u00e0 r\u00e9server \u00e0 l&rsquo;avance<\/strong> <\/p>\n\n\n\n<p>Je propose des <strong>s\u00e9ances individuelles<\/strong>, adapt\u00e9es \u00e0 chaque bin\u00f4me, pour une d\u00e9couverte en toute s\u00e9curit\u00e9 ou un accompagnement progressif.<\/p>\n\n\n\n<p>\ud83d\udc49 Que votre chien n\u2019ait jamais pratiqu\u00e9 ou que vous soyez d\u00e9butant vous-m\u00eame, tout est pr\u00e9vu pour vous guider pas \u00e0 pas.<\/p>\n\n\n\n<p>\ud83d\udc49 Le paddle est utilis\u00e9 comme support d\u2019activit\u00e9, dans un cadre encadr\u00e9 et adapt\u00e9 \u00e0 chaque bin\u00f4me.<\/p>\n\n\n\n<p style=\"font-size:15px\">Une activit\u00e9 ludique et compl\u00e8te \u00e0 partager avec votre chien sur l\u2019eau, dans un cadre s\u00e9curis\u00e9 et progressif. <\/p>\n\n\n\n<p style=\"font-size:15px\"><strong>Le cani-paddle permet de :<\/strong><\/p>\n\n\n\n<p style=\"font-size:15px\">\u2022 renforcer la relation ma\u00eetre-chien<\/p>\n\n\n\n<p style=\"font-size:15px\">\u2022 d\u00e9velopper la confiance<\/p>\n\n\n\n<p style=\"font-size:15px\">\u2022 canaliser l\u2019\u00e9nergie<\/p>\n\n\n\n<p style=\"font-size:15px\">\u2022 am\u00e9liorer la concentration et l\u2019\u00e9quilibre<\/p>\n\n\n\n<p style=\"font-size:15px\">\u2022 vivre une exp\u00e9rience complice et structurante<\/p>\n\n\n\n<p style=\"font-size:15px\">\ud83d\udccd <em>S\u00e9ances r\u00e9alis\u00e9es \u00e0 Port-d\u2019Envaux 17250, sur la Charente <\/em><\/p>\n\n\n\n<p style=\"font-size:15px\">\ud83d\udedf <em>Paddle fourni si besoin, ou vous pouvez ramenez le v\u00f4tre si vous en avez un.<\/em><\/p>\n\n\n\n<figure class=\"wp-block-image aligncenter size-large\"><img loading=\"lazy\" decoding=\"async\" width=\"683\" height=\"1024\" src=\"https:\/\/educzen17.com\/wp-content\/uploads\/2026\/04\/3764b0df-a48d-4c97-9e03-8629ffac1ddb-683x1024.png\" alt=\"\" class=\"wp-image-334\" srcset=\"https:\/\/educzen17.com\/wp-content\/uploads\/2026\/04\/3764b0df-a48d-4c97-9e03-8629ffac1ddb-683x1024.png 683w, https:\/\/educzen17.com\/wp-content\/uploads\/2026\/04\/3764b0df-a48d-4c97-9e03-8629ffac1ddb-200x300.png 200w, https:\/\/educzen17.com\/wp-content\/uploads\/2026\/04\/3764b0df-a48d-4c97-9e03-8629ffac1ddb-768x1152.png 768w, https:\/\/educzen17.com\/wp-content\/uploads\/2026\/04\/3764b0df-a48d-4c97-9e03-8629ffac1ddb.png 1024w\" sizes=\"auto, (max-width: 683px) 100vw, 683px\" \/><\/figure>\n\n\n\n<p class=\"has-text-align-center\" style=\"font-size:18px\"><strong> <strong>\ud83c\udf0a<\/strong><\/strong> <strong>S\u00e9ance d\u2019initiation <\/strong>(indispensable pour d\u00e9couvrir l&rsquo;activit\u00e9 et s\u00e9curiser le chien)<\/p>\n\n\n\n<p class=\"has-text-align-center\" style=\"font-size:16px\"><em><strong>Dur\u00e9e : environ 1h30<\/strong><\/em>          <em><strong>Tarif : 65 \u20ac<\/strong><\/em><\/p>\n\n\n\n<p style=\"font-size:15px\">Cette premi\u00e8re s\u00e9ance est d\u00e9di\u00e9e \u00e0 la mise en confiance du chien avec :<\/p>\n\n\n\n<p style=\"font-size:15px\">\u2022 le mat\u00e9riel<\/p>\n\n\n\n<p style=\"font-size:15px\">\u2022 les sensations de stabilit\u00e9<\/p>\n\n\n\n<p style=\"font-size:15px\">\u2022 l\u2019environnement aquatique<\/p>\n\n\n\n<p style=\"font-size:15px\">\u2022 la mont\u00e9e progressive sur le paddle<\/p>\n\n\n\n<p style=\"font-size:15px\">Nous travaillons la gestion des \u00e9motions, la d\u00e9sensibilisation douce et la s\u00e9curit\u00e9 avant toute navigation.<\/p>\n\n\n\n<p style=\"font-size:15px\">Objectif : que le chien associe l\u2019activit\u00e9 \u00e0 une exp\u00e9rience positive et s\u00e9curis\u00e9e.<\/p>\n\n\n\n<p class=\"has-text-align-center\" style=\"font-size:18px\"><strong>\ud83c\udf0a S\u00e9ance progression<\/strong><\/p>\n\n\n\n<p class=\"has-text-align-center\" style=\"font-size:16px\"><em><strong>Dur\u00e9e : 1h<\/strong><\/em>          <em><strong>Tarif : 50 \u20ac<\/strong><\/em><\/p>\n\n\n\n<p class=\"has-text-align-center\" style=\"font-size:18px\"><strong>\ud83c\udf0a<\/strong> <strong>Pack 3 s\u00e9ances progression :<\/strong><\/p>\n\n\n\n<p class=\"has-text-align-center\" style=\"font-size:16px\"><strong> <em>135 E<\/em><\/strong><em><strong>     <\/strong><\/em><em><strong>(id\u00e9al pour consolider les acquis et gagner en autonomie) <\/strong><\/em><\/p>\n\n\n\n<p style=\"font-size:15px\">L&rsquo;acc\u00e8s aux s\u00e9ances progression et au pack 3 s\u00e9ances est possible uniquement apr\u00e8s la s\u00e9ance d&rsquo;initiation,  indispensable pour garantir la s\u00e9curit\u00e9 et la mise en confiance du chien.<\/p>\n\n\n\n<p style=\"font-size:15px\">Navigation encadr\u00e9e, progression technique, travail de stabilit\u00e9, connexion et gestion des distractions.<\/p>\n\n\n\n<p style=\"font-size:15px\">Chaque s\u00e9ance est adapt\u00e9e au bin\u00f4me ma\u00eetre-chien.<\/p>\n\n\n\n<figure class=\"wp-block-gallery has-nested-images columns-default is-cropped wp-block-gallery-1 is-layout-flex wp-block-gallery-is-layout-flex\">\n<figure class=\"wp-block-image size-large\"><img loading=\"lazy\" decoding=\"async\" width=\"612\" height=\"408\" data-id=\"220\" src=\"https:\/\/educzen17.com\/wp-content\/uploads\/2026\/03\/istockphoto-1294395407-612x612-1.jpg\" alt=\"\" class=\"wp-image-220\" srcset=\"https:\/\/educzen17.com\/wp-content\/uploads\/2026\/03\/istockphoto-1294395407-612x612-1.jpg 612w, https:\/\/educzen17.com\/wp-content\/uploads\/2026\/03\/istockphoto-1294395407-612x612-1-300x200.jpg 300w\" sizes=\"auto, (max-width: 612px) 100vw, 612px\" \/><\/figure>\n\n\n\n<figure class=\"wp-block-image size-large\"><img loading=\"lazy\" decoding=\"async\" width=\"612\" height=\"408\" data-id=\"219\" src=\"https:\/\/educzen17.com\/wp-content\/uploads\/2026\/03\/istockphoto-1327654972-612x612-2.jpg\" alt=\"\" class=\"wp-image-219\" srcset=\"https:\/\/educzen17.com\/wp-content\/uploads\/2026\/03\/istockphoto-1327654972-612x612-2.jpg 612w, https:\/\/educzen17.com\/wp-content\/uploads\/2026\/03\/istockphoto-1327654972-612x612-2-300x200.jpg 300w\" sizes=\"auto, (max-width: 612px) 100vw, 612px\" \/><\/figure>\n\n\n\n<figure class=\"wp-block-image size-large\"><img loading=\"lazy\" decoding=\"async\" width=\"612\" height=\"408\" data-id=\"221\" src=\"https:\/\/educzen17.com\/wp-content\/uploads\/2026\/03\/istockphoto-1572702887-612x612-2.jpg\" alt=\"\" class=\"wp-image-221\" srcset=\"https:\/\/educzen17.com\/wp-content\/uploads\/2026\/03\/istockphoto-1572702887-612x612-2.jpg 612w, https:\/\/educzen17.com\/wp-content\/uploads\/2026\/03\/istockphoto-1572702887-612x612-2-300x200.jpg 300w\" sizes=\"auto, (max-width: 612px) 100vw, 612px\" \/><\/figure>\n<\/figure>\n\n\n\n<p><\/p>\n\n\n\n<p class=\"has-text-align-center\" style=\"font-size:18px\">\ud83d\udcc5<strong> Cr\u00e9neaux disponibles : <\/strong><\/p>\n\n\n\n<p class=\"has-text-align-center\">Lundi : 9h 12h<\/p>\n\n\n\n<p class=\"has-text-align-center\">Mercredi : 9h 12 h<\/p>\n\n\n\n<p class=\"has-text-align-center\">Vendredi : 9h 14 h<\/p>\n\n\n\n<p class=\"has-text-align-center\">Dimanche : 9h 14h<\/p>\n\n\n\n<p>\ud83d\udc49 Cr\u00e9neaux \u00e9volutifs selon la m\u00e9t\u00e9o et les disponibilit\u00e9s.<\/p>\n\n\n\n<p>\ud83d\udc49 S\u00e9ances individuelles uniquement<\/p>\n\n\n\n\n<div style=\"text-align:center; margin: 30px 0;\">\n  \n  <p style=\"font-size: 22px; font-weight: 600; color: #666666; margin-bottom: 15px;\">\n    R\u00e9server une s\u00e9ance ou obtenir des renseignements :\n  <\/p>\n\n  <p style=\"font-size: 20px; color: #666666; margin-bottom: 20px;\">\n    Contactez Laetitia \u2013 educzen17\n  <\/p>\n\n  <a href=\"tel:0608058038\"\n     style=\"\n       display:inline-block;\n       background:#a8d5bf;\n       color:#ffffff;\n       text-decoration:none;\n       font-size:20px;\n       font-weight:bold;\n       padding:15px 30px;\n       border-radius:12px;\n       box-shadow: 0 2px 6px rgba(0,0,0,0.10);\n     \">\n    \ud83d\udcde 06 08 05 80 38\n  <\/a>\n\n  <p style=\"font-size:16px; color:#777777; margin-top:10px;\">\n    (appel ou SMS)\n  <\/p>\n\n<\/div>\n\n\n\n\n<p><\/p>\n\n\n\n<p><\/p>\n","protected":false},"excerpt":{"rendered":"<p>\ud83c\udf0a Cani-Paddle (initiation &amp; accompagnement) pour d\u00e9butants ou bin\u00f4mes plus exp\u00e9riment\u00e9s Saison 2026 : ouverture des s\u00e9ances : du 1er Mai au 31 octobre 2026 \/ Places limit\u00e9es, uniquement sur r\u00e9servation, \u26a0\ufe0f Pensez \u00e0 r\u00e9server \u00e0 l&rsquo;avance Je propose des s\u00e9ances individuelles, adapt\u00e9es \u00e0 chaque bin\u00f4me, pour une d\u00e9couverte en toute s\u00e9curit\u00e9 ou un accompagnement [&hellip;]<\/p>\n","protected":false},"author":1,"featured_media":0,"parent":0,"menu_order":0,"comment_status":"closed","ping_status":"closed","template":"","meta":{"_uag_custom_page_level_css":"","site-sidebar-layout":"default","site-content-layout":"","ast-site-content-layout":"default","site-content-style":"default","site-sidebar-style":"default","ast-global-header-display":"","ast-banner-title-visibility":"","ast-main-header-display":"","ast-hfb-above-header-display":"","ast-hfb-below-header-display":"","ast-hfb-mobile-header-display":"","site-post-title":"","ast-breadcrumbs-content":"","ast-featured-img":"","footer-sml-layout":"","ast-disable-related-posts":"","theme-transparent-header-meta":"","adv-header-id-meta":"","stick-header-meta":"","header-above-stick-meta":"","header-main-stick-meta":"","header-below-stick-meta":"","astra-migrate-meta-layouts":"default","ast-page-background-enabled":"default","ast-page-background-meta":{"desktop":{"background-color":"var(--ast-global-color-5)","background-image":"","background-repeat":"repeat","background-position":"center center","background-size":"auto","background-attachment":"scroll","background-type":"","background-media":"","overlay-type":"","overlay-color":"","overlay-opacity":"","overlay-gradient":""},"tablet":{"background-color":"","background-image":"","background-repeat":"repeat","background-position":"center center","background-size":"auto","background-attachment":"scroll","background-type":"","background-media":"","overlay-type":"","overlay-color":"","overlay-opacity":"","overlay-gradient":""},"mobile":{"background-color":"","background-image":"","background-repeat":"repeat","background-position":"center center","background-size":"auto","background-attachment":"scroll","background-type":"","background-media":"","overlay-type":"","overlay-color":"","overlay-opacity":"","overlay-gradient":""}},"ast-content-background-meta":{"desktop":{"background-color":"var(--ast-global-color-4)","background-image":"","background-repeat":"repeat","background-position":"center center","background-size":"auto","background-attachment":"scroll","background-type":"","background-media":"","overlay-type":"","overlay-color":"","overlay-opacity":"","overlay-gradient":""},"tablet":{"background-color":"var(--ast-global-color-4)","background-image":"","background-repeat":"repeat","background-position":"center center","background-size":"auto","background-attachment":"scroll","background-type":"","background-media":"","overlay-type":"","overlay-color":"","overlay-opacity":"","overlay-gradient":""},"mobile":{"background-color":"var(--ast-global-color-4)","background-image":"","background-repeat":"repeat","background-position":"center center","background-size":"auto","background-attachment":"scroll","background-type":"","background-media":"","overlay-type":"","overlay-color":"","overlay-opacity":"","overlay-gradient":""}},"footnotes":""},"class_list":["post-99","page","type-page","status-publish","hentry"],"uagb_featured_image_src":{"full":false,"thumbnail":false,"medium":false,"medium_large":false,"large":false,"1536x1536":false,"2048x2048":false},"uagb_author_info":{"display_name":"admin2427","author_link":"https:\/\/educzen17.com\/?author=1"},"uagb_comment_info":0,"uagb_excerpt":"\ud83c\udf0a Cani-Paddle (initiation &amp; accompagnement) pour d\u00e9butants ou bin\u00f4mes plus exp\u00e9riment\u00e9s Saison 2026 : ouverture des s\u00e9ances : du 1er Mai au 31 octobre 2026 \/ Places limit\u00e9es, uniquement sur r\u00e9servation, \u26a0\ufe0f Pensez \u00e0 r\u00e9server \u00e0 l&rsquo;avance Je propose des s\u00e9ances individuelles, adapt\u00e9es \u00e0 chaque bin\u00f4me, pour une d\u00e9couverte en toute s\u00e9curit\u00e9 ou un accompagnement\u2026","_links":{"self":[{"href":"https:\/\/educzen17.com\/index.php?rest_route=\/wp\/v2\/pages\/99","targetHints":{"allow":["GET"]}}],"collection":[{"href":"https:\/\/educzen17.com\/index.php?rest_route=\/wp\/v2\/pages"}],"about":[{"href":"https:\/\/educzen17.com\/index.php?rest_route=\/wp\/v2\/types\/page"}],"author":[{"embeddable":true,"href":"https:\/\/educzen17.com\/index.php?rest_route=\/wp\/v2\/users\/1"}],"replies":[{"embeddable":true,"href":"https:\/\/educzen17.com\/index.php?rest_route=%2Fwp%2Fv2%2Fcomments&post=99"}],"version-history":[{"count":32,"href":"https:\/\/educzen17.com\/index.php?rest_route=\/wp\/v2\/pages\/99\/revisions"}],"predecessor-version":[{"id":335,"href":"https:\/\/educzen17.com\/index.php?rest_route=\/wp\/v2\/pages\/99\/revisions\/335"}],"wp:attachment":[{"href":"https:\/\/educzen17.com\/index.php?rest_route=%2Fwp%2Fv2%2Fmedia&parent=99"}],"curies":[{"name":"wp","href":"https:\/\/api.w.org\/{rel}","templated":true}]}}