{"id":84,"date":"2026-02-23T14:15:59","date_gmt":"2026-02-23T14:15:59","guid":{"rendered":"https:\/\/educzen17.com\/?page_id=84"},"modified":"2026-03-22T16:22:57","modified_gmt":"2026-03-22T16:22:57","slug":"accompagnement-emotionnel-cible-special-tocs-phobies-et-comportements-specifiques","status":"publish","type":"page","link":"https:\/\/educzen17.com\/?page_id=84","title":{"rendered":"Accompagnement \u00e9motionnel cibl\u00e9 \u2013 sp\u00e9cial tocs phobies\u00a0et comportements sp\u00e9cifiques"},"content":{"rendered":"\n<p class=\"has-text-align-center has-medium-font-size\"><strong>Pour les chiens pr\u00e9sentant un trouble sp\u00e9cifique, peur de la voiture, Toc, fixation sur les ombres, peur irrationnelle, comportement probl\u00e9matique, etc&#8230;<\/strong><\/p>\n\n\n\n<figure class=\"wp-block-image alignfull size-large\"><img loading=\"lazy\" decoding=\"async\" width=\"1024\" height=\"683\" src=\"https:\/\/educzen17.com\/wp-content\/uploads\/2026\/03\/couleur-golden-retriever-2705639_1920-1-1024x683.jpg\" alt=\"\" class=\"wp-image-209\" srcset=\"https:\/\/educzen17.com\/wp-content\/uploads\/2026\/03\/couleur-golden-retriever-2705639_1920-1-1024x683.jpg 1024w, https:\/\/educzen17.com\/wp-content\/uploads\/2026\/03\/couleur-golden-retriever-2705639_1920-1-300x200.jpg 300w, https:\/\/educzen17.com\/wp-content\/uploads\/2026\/03\/couleur-golden-retriever-2705639_1920-1-768x512.jpg 768w, https:\/\/educzen17.com\/wp-content\/uploads\/2026\/03\/couleur-golden-retriever-2705639_1920-1-1536x1024.jpg 1536w, https:\/\/educzen17.com\/wp-content\/uploads\/2026\/03\/couleur-golden-retriever-2705639_1920-1.jpg 1920w\" sizes=\"auto, (max-width: 1024px) 100vw, 1024px\" \/><\/figure>\n\n\n\n<p class=\"has-medium-font-size\"><strong><em>2 s\u00e9ances de 1h30 + suivi WhatsApp 1 mois inclus<\/em><\/strong><\/p>\n\n\n\n<p>Pour les chiens pr\u00e9sentant :<\/p>\n\n\n\n<p>\u2022 Phobies sp\u00e9cifiques (voiture, bruits, ext\u00e9rieur, humains\u2026)<\/p>\n\n\n\n<p>\u2022 Peurs intenses ou blocages<\/p>\n\n\n\n<p>\u2022 Troubles obsessionnels (l\u00e9chage compulsif, fixation\u2026)<\/p>\n\n\n\n<p>\u2022 Probl\u00e8mes d\u2019aboiements intempestifs<\/p>\n\n\n\n<p class=\"has-medium-font-size\"><strong><em>\u00a0Objectif :<\/em><\/strong><\/p>\n\n\n\n<p>Travailler sur l\u2019\u00e9motion \u00e0 l\u2019origine du comportement et mettre en place un protocole progressif, structur\u00e9 et s\u00e9curis\u00e9<\/p>\n\n\n\n<p>&nbsp;Ce que comprend l\u2019accompagnement :<\/p>\n\n\n\n<p class=\"has-medium-font-size\"><em>\u00a0<strong>S\u00e9ance 1 \u2013 Analyse &amp; mise en place (1h30 \u00e0 domicile)<\/strong><\/em><\/p>\n\n\n\n<p>\u2022 Bilan comportemental cibl\u00e9<\/p>\n\n\n\n<p>\u2022 Analyse des d\u00e9clencheurs et du contexte \u00e9motionnel<\/p>\n\n\n\n<p>\u2022 Explication du m\u00e9canisme de la phobie \/ du trouble<\/p>\n\n\n\n<p>\u2022 D\u00e9but de d\u00e9sensibilisation progressive<\/p>\n\n\n\n<p>\u2022 Travail pratique imm\u00e9diat<\/p>\n\n\n\n<p>\u2022 Mise en place d\u2019un protocole personnalis\u00e9<\/p>\n\n\n\n<p class=\"has-medium-font-size\"><em>\u00a0<strong>S\u00e9ance 2 \u2013 Ajustement &amp; progression (environ 15 jours apr\u00e8s)<\/strong><\/em><\/p>\n\n\n\n<p>\u2022 \u00c9valuation de l\u2019\u00e9volution<\/p>\n\n\n\n<p>\u2022 Ajustement du protocole<\/p>\n\n\n\n<p>\u2022 Travail en conditions r\u00e9elles<\/p>\n\n\n\n<p>\u2022 Consolidation des acquis<\/p>\n\n\n\n<p>\u2022 Stabilisation \u00e9motionnelle<\/p>\n\n\n\n<p>&nbsp;Suivi WhatsApp \u2013 1 mois inclus<\/p>\n\n\n\n<p>\u2022 Questions entre les s\u00e9ances<\/p>\n\n\n\n<p>\u2022 Envoi de vid\u00e9os<\/p>\n\n\n\n<p>\u2022 Ajustements si n\u00e9cessaire<\/p>\n\n\n\n<p>\u2022 Accompagnement dans la mise en pratique<\/p>\n\n\n\n<p class=\"has-medium-font-size\"><em><strong>Tarif : 140 E<\/strong><\/em><\/p>\n\n\n\n<figure class=\"wp-block-gallery has-nested-images columns-default is-cropped wp-block-gallery-1 is-layout-flex wp-block-gallery-is-layout-flex\">\n<figure class=\"wp-block-image size-large\"><img loading=\"lazy\" decoding=\"async\" width=\"1024\" height=\"678\" data-id=\"212\" src=\"https:\/\/educzen17.com\/wp-content\/uploads\/2026\/03\/huskyherz-dalmatian-1020790_1920-1024x678.jpg\" alt=\"\" class=\"wp-image-212\" srcset=\"https:\/\/educzen17.com\/wp-content\/uploads\/2026\/03\/huskyherz-dalmatian-1020790_1920-1024x678.jpg 1024w, https:\/\/educzen17.com\/wp-content\/uploads\/2026\/03\/huskyherz-dalmatian-1020790_1920-300x199.jpg 300w, https:\/\/educzen17.com\/wp-content\/uploads\/2026\/03\/huskyherz-dalmatian-1020790_1920-768x509.jpg 768w, https:\/\/educzen17.com\/wp-content\/uploads\/2026\/03\/huskyherz-dalmatian-1020790_1920-1536x1018.jpg 1536w, https:\/\/educzen17.com\/wp-content\/uploads\/2026\/03\/huskyherz-dalmatian-1020790_1920.jpg 1920w\" sizes=\"auto, (max-width: 1024px) 100vw, 1024px\" \/><\/figure>\n\n\n\n<figure class=\"wp-block-image size-large\"><img loading=\"lazy\" decoding=\"async\" width=\"1024\" height=\"768\" data-id=\"211\" src=\"https:\/\/educzen17.com\/wp-content\/uploads\/2026\/03\/kadisha-dog-1742295_1920-1024x768.jpg\" alt=\"\" class=\"wp-image-211\" srcset=\"https:\/\/educzen17.com\/wp-content\/uploads\/2026\/03\/kadisha-dog-1742295_1920-1024x768.jpg 1024w, https:\/\/educzen17.com\/wp-content\/uploads\/2026\/03\/kadisha-dog-1742295_1920-300x225.jpg 300w, https:\/\/educzen17.com\/wp-content\/uploads\/2026\/03\/kadisha-dog-1742295_1920-768x576.jpg 768w, https:\/\/educzen17.com\/wp-content\/uploads\/2026\/03\/kadisha-dog-1742295_1920-1536x1152.jpg 1536w, https:\/\/educzen17.com\/wp-content\/uploads\/2026\/03\/kadisha-dog-1742295_1920.jpg 1920w\" sizes=\"auto, (max-width: 1024px) 100vw, 1024px\" \/><\/figure>\n\n\n\n<figure class=\"wp-block-image size-large\"><img loading=\"lazy\" decoding=\"async\" width=\"1024\" height=\"683\" data-id=\"213\" src=\"https:\/\/educzen17.com\/wp-content\/uploads\/2026\/03\/pitsch-continental-bulldog-2437110_1920-1024x683.jpg\" alt=\"\" class=\"wp-image-213\" srcset=\"https:\/\/educzen17.com\/wp-content\/uploads\/2026\/03\/pitsch-continental-bulldog-2437110_1920-1024x683.jpg 1024w, https:\/\/educzen17.com\/wp-content\/uploads\/2026\/03\/pitsch-continental-bulldog-2437110_1920-300x200.jpg 300w, https:\/\/educzen17.com\/wp-content\/uploads\/2026\/03\/pitsch-continental-bulldog-2437110_1920-768x512.jpg 768w, https:\/\/educzen17.com\/wp-content\/uploads\/2026\/03\/pitsch-continental-bulldog-2437110_1920-1536x1024.jpg 1536w, https:\/\/educzen17.com\/wp-content\/uploads\/2026\/03\/pitsch-continental-bulldog-2437110_1920.jpg 1920w\" sizes=\"auto, (max-width: 1024px) 100vw, 1024px\" \/><\/figure>\n<\/figure>\n","protected":false},"excerpt":{"rendered":"<p>Pour les chiens pr\u00e9sentant un trouble sp\u00e9cifique, peur de la voiture, Toc, fixation sur les ombres, peur irrationnelle, comportement probl\u00e9matique, etc&#8230; 2 s\u00e9ances de 1h30 + suivi WhatsApp 1 mois inclus Pour les chiens pr\u00e9sentant : \u2022 Phobies sp\u00e9cifiques (voiture, bruits, ext\u00e9rieur, humains\u2026) \u2022 Peurs intenses ou blocages \u2022 Troubles obsessionnels (l\u00e9chage compulsif, fixation\u2026) \u2022 [&hellip;]<\/p>\n","protected":false},"author":1,"featured_media":0,"parent":40,"menu_order":0,"comment_status":"closed","ping_status":"closed","template":"","meta":{"_uag_custom_page_level_css":"","site-sidebar-layout":"default","site-content-layout":"","ast-site-content-layout":"default","site-content-style":"default","site-sidebar-style":"default","ast-global-header-display":"","ast-banner-title-visibility":"","ast-main-header-display":"","ast-hfb-above-header-display":"","ast-hfb-below-header-display":"","ast-hfb-mobile-header-display":"","site-post-title":"","ast-breadcrumbs-content":"","ast-featured-img":"","footer-sml-layout":"","ast-disable-related-posts":"","theme-transparent-header-meta":"","adv-header-id-meta":"","stick-header-meta":"","header-above-stick-meta":"","header-main-stick-meta":"","header-below-stick-meta":"","astra-migrate-meta-layouts":"default","ast-page-background-enabled":"default","ast-page-background-meta":{"desktop":{"background-color":"var(--ast-global-color-5)","background-image":"","background-repeat":"repeat","background-position":"center center","background-size":"auto","background-attachment":"scroll","background-type":"","background-media":"","overlay-type":"","overlay-color":"","overlay-opacity":"","overlay-gradient":""},"tablet":{"background-color":"","background-image":"","background-repeat":"repeat","background-position":"center center","background-size":"auto","background-attachment":"scroll","background-type":"","background-media":"","overlay-type":"","overlay-color":"","overlay-opacity":"","overlay-gradient":""},"mobile":{"background-color":"","background-image":"","background-repeat":"repeat","background-position":"center center","background-size":"auto","background-attachment":"scroll","background-type":"","background-media":"","overlay-type":"","overlay-color":"","overlay-opacity":"","overlay-gradient":""}},"ast-content-background-meta":{"desktop":{"background-color":"var(--ast-global-color-4)","background-image":"","background-repeat":"repeat","background-position":"center center","background-size":"auto","background-attachment":"scroll","background-type":"","background-media":"","overlay-type":"","overlay-color":"","overlay-opacity":"","overlay-gradient":""},"tablet":{"background-color":"var(--ast-global-color-4)","background-image":"","background-repeat":"repeat","background-position":"center center","background-size":"auto","background-attachment":"scroll","background-type":"","background-media":"","overlay-type":"","overlay-color":"","overlay-opacity":"","overlay-gradient":""},"mobile":{"background-color":"var(--ast-global-color-4)","background-image":"","background-repeat":"repeat","background-position":"center center","background-size":"auto","background-attachment":"scroll","background-type":"","background-media":"","overlay-type":"","overlay-color":"","overlay-opacity":"","overlay-gradient":""}},"footnotes":""},"class_list":["post-84","page","type-page","status-publish","hentry"],"uagb_featured_image_src":{"full":false,"thumbnail":false,"medium":false,"medium_large":false,"large":false,"1536x1536":false,"2048x2048":false},"uagb_author_info":{"display_name":"admin2427","author_link":"https:\/\/educzen17.com\/?author=1"},"uagb_comment_info":0,"uagb_excerpt":"Pour les chiens pr\u00e9sentant un trouble sp\u00e9cifique, peur de la voiture, Toc, fixation sur les ombres, peur irrationnelle, comportement probl\u00e9matique, etc&#8230; 2 s\u00e9ances de 1h30 + suivi WhatsApp 1 mois inclus Pour les chiens pr\u00e9sentant : \u2022 Phobies sp\u00e9cifiques (voiture, bruits, ext\u00e9rieur, humains\u2026) \u2022 Peurs intenses ou blocages \u2022 Troubles obsessionnels (l\u00e9chage compulsif, fixation\u2026) \u2022\u2026","_links":{"self":[{"href":"https:\/\/educzen17.com\/index.php?rest_route=\/wp\/v2\/pages\/84","targetHints":{"allow":["GET"]}}],"collection":[{"href":"https:\/\/educzen17.com\/index.php?rest_route=\/wp\/v2\/pages"}],"about":[{"href":"https:\/\/educzen17.com\/index.php?rest_route=\/wp\/v2\/types\/page"}],"author":[{"embeddable":true,"href":"https:\/\/educzen17.com\/index.php?rest_route=\/wp\/v2\/users\/1"}],"replies":[{"embeddable":true,"href":"https:\/\/educzen17.com\/index.php?rest_route=%2Fwp%2Fv2%2Fcomments&post=84"}],"version-history":[{"count":6,"href":"https:\/\/educzen17.com\/index.php?rest_route=\/wp\/v2\/pages\/84\/revisions"}],"predecessor-version":[{"id":273,"href":"https:\/\/educzen17.com\/index.php?rest_route=\/wp\/v2\/pages\/84\/revisions\/273"}],"up":[{"embeddable":true,"href":"https:\/\/educzen17.com\/index.php?rest_route=\/wp\/v2\/pages\/40"}],"wp:attachment":[{"href":"https:\/\/educzen17.com\/index.php?rest_route=%2Fwp%2Fv2%2Fmedia&parent=84"}],"curies":[{"name":"wp","href":"https:\/\/api.w.org\/{rel}","templated":true}]}}